vided by 9.
5
Let m(k) = k**3 - 12*k**2 + 18*k - 64. What is the remainder when 836 is divided by m(11)?
4
Let v = -30 - -20. Let m be 1036/20 + (-2)/v. Let c = -42 + m. What is the remainder when 39 is divided by c?
9
Suppose 4*g + 129 = -431. Let x = g - -230. What is the remainder when x is divided by 21?
6
Let h be (34 - (-1 + -3)) + (-1 - -3). Suppose -162*k = -166*k + h. Calculate the remainder when 76 is divided by k.
6
Suppose -13*c = 5*n - 19 - 468, -2*c = 5*n - 58. What is the remainder when 138 is divided by c?
21
Let d be -1 - (18/(-1) - 36/(-18)). What is the remainder when 154 is divided by -5 - 306/12*(-10)/d?
10
Let s(u) = -14*u - 407. Calculate the remainder when 492 is divided by s(-36).
7
Suppose -16 = 4*o, k = 2*o + 2*o + 28. Suppose 93*w - 237 = 92*w. Suppose -w = 12*h - 741. What is the remainder when h is divided by k?
6
Suppose -k + 2*w - 200 = 0, -w + 216 = -k - 3*w. Let g = -142 - k. Calculate the remainder when g is divided by (-10)/(-55)*1 - 405/(-11).
29
Let k = 14 + -2. Let b(i) = 3*i + 11. Suppose 38*n - 142 = 162. Calculate the remainder when b(n) is divided by k.
11
Suppose 235*h = -3*t + 236*h + 75, 5*t - 91 = -4*h. What is the remainder when 287 is divided by t?
11
Let l(m) = -m**3 - 5*m**2 - 10*m - 8. Let d be l(-3). Suppose -d = 2*z - 34. Calculate the remainder when 21 is divided by z.
6
Suppose 4*b = 29*y - 28*y - 215, 0 = -4*y + 4*b + 824. What is the remainder when y is divided by 7?
0
Let i = -3772 - -3790. Let y(b) = 2*b**2 - 8*b + 5. Calculate the remainder when y(7) is divided by i.
11
Let c = -127 + 216. Suppose 0 = -7*d + 11*d + 5*z - 42, -2*z = 2*d - 22. Calculate the remainder when c is divided by d.
11
Let g(q) = -q**3 + 7*q**2 - 9*q + 3. Let i be g(2). Suppose 15*h - 19*h + 281 = 5*z, -2*z + 347 = i*h. Calculate the remainder when 198 is divided by h.
60
Suppose -354*g = -1027 - 389. Calculate the remainder when 648 is divided by g.
0
Let v(n) = 8*n**2 - 2*n - 2. Let u be v(2). Suppose -4*l - u + 138 = 0. Calculate the remainder when 30/((-300)/70) - -146 is divided by l.
27
Let f(d) = 4*d + 92. Let c be f(17). Let g = c - 150. What is the remainder when 118 is divided by g?
8
Let z be -22 + 25 + (-1)/(2/(-4)). Suppose -3*k = -2*p + 1016, -z*p + 2527 = 3*k - 4*k. Calculate the remainder when p is divided by 46.
45
Suppose -2*f + 26 = s - 10, f - 135 = -5*s. Calculate the remainder when 3873 is divided by s.
25
Let n(s) = 28*s**2 - 2*s - 29*s**2 + 9 - 6. Let f be n(0). Suppose -5*g = 2*x - 507, 47 + 377 = 4*g - f*x. Calculate the remainder when g is divided by 26.
25
Suppose 5*j + 6*n - 125 = 3*n, j - 5*n + 3 = 0. Suppose 2*i - 350 = -3*i. Calculate the remainder when i is divided by (2/3)/(j/792).
22
Let z = 862 + -798. What is the remainder when 2178 is divided by z?
2
Suppose 568 = -f - 7*f. Let h = 71 + f. Suppose -5*q + t = -176, 2*t + h*t = q - 37. What is the remainder when q is divided by 11?
2
Suppose 8*o - 219 = 101. Let r = -49 + o. Calculate the remainder when 19 is divided by (-6)/r*27/6.
1
Let b(m) = -755*m**3 - 6*m**2 - 65*m - 135. Calculate the remainder when b(-2) is divided by 18.
17
Suppose -115 = -t + 3*z, -6*z - 10 = -z. Let d = 112 - t. Suppose 3*r - 104 = -3*n - 2*r, -2*r = -d*n + 139. What is the remainder when n is divided by 22?
21
Let m = 108 + -172. Suppose -j + 2*h = -93, 0 = -5*j - 5*h + 54 + 441. Let b = m + j. What is the remainder when b is divided by 6?
3
Suppose -187*a + 4392 = -65*a. Let l(w) = 6*w. Let y be l(-5). Let d = a + y. What is the remainder when 17 is divided by d?
5
Suppose 26*b - 9*b = 3885 + 3034. Calculate the remainder when 2862 is divided by b.
13
Let z be 817/(-86)*8/(-2). Calculate the remainder when 62 is divided by ((-608)/z)/(-3 + 1).
6
Let x(t) = 14*t + 3. Suppose 2*b - 89 = -3*g, 4*b = -3*g + 4*g + 171. Calculate the remainder when b is divided by x(1).
9
Let f be (7/7)/(2/8). Let c(v) = -2*v**2 + 2*v + 4. Let b be c(f). Calculate the remainder when b/(-10)*((0 - 0) + 69) is divided by 14.
12
What is the remainder when 265 is divided by 324/10*285/114?
22
Suppose -68*w = 146*w - 114276. What is the remainder when 2163 is divided by w?
27
Suppose 2*z + 2*r = -18, 63 = -5*z + 3*r + 18. Let o = z + 11. Suppose 2 = u, 0*u = -4*b + o*u + 52. What is the remainder when 23 is divided by b?
9
Let s = 414 - 5. Calculate the remainder when s is divided by -35*(13 - 372/28).
9
Suppose 8*n = -6*n - 9*n + 18630. What is the remainder when n is divided by 197?
22
Let w(y) = 2*y**2 + y + 27. Let s be w(6). Let b = 57 + s. Calculate the remainder when b is divided by 130/4 + (-3)/(-6).
30
Let c(h) = 197*h**2 - 117*h + 119. Calculate the remainder when c(1) is divided by 175.
24
Let u = -9644 + 9985. Calculate the remainder when u is divided by 152.
37
Suppose 6*d = 2*d + 368. Let r(x) = -8*x + 303. Calculate the remainder when r(-54) is divided by d.
91
Let m = 2362 + -1848. Calculate the remainder when m is divided by 260.
254
Suppose -333*k = -569*k + 9204. Calculate the remainder when (-45)/2*20/(-6) is divided by k.
36
Suppose 4*l - 27 = -3*j, 6*j - j = -3*l + 34. Suppose -s + 37 = y + 3, l*s = -4*y + 103. Calculate the remainder when 76 is divided by s.
10
Suppose -17*y + 14*y + 9 = 0. Calculate the remainder when 65 is divided by ((-19)/y)/((-10)/30).
8
What is the remainder when 179 is divided by (-12 + -1 - 7)/(3/(-6))?
19
Suppose -2*u = 5*m - 135, 2*u + m + m - 150 = 0. Suppose -18*l + 19*l - u = 0. Calculate the remainder when l is divided by 30.
20
Suppose 16*d + 8*d - 1560 = 0. Suppose 2*y + 3 + 1 = 0, 6 = 4*t - 5*y. Let n(p) = 23*p**2 + 2*p + 1. Calculate the remainder when d is divided by n(t).
21
Let w = -120 - -123. Suppose -2*l = -w*a + 3*l + 112, 2*a - 77 = l. Calculate the remainder when a is divided by 10.
9
Let p(i) = -i**3 - 13*i**2 - i - 9. Let u be p(-13). Let y be (-9 - -3) + 4 + u. Suppose -7*s = -y*s - 135. Calculate the remainder when 52 is divided by s.
25
Let v = 28813 - 28764. Calculate the remainder when 780 is divided by v.
45
Suppose 11*j - 21*j + 120 = 0. What is the remainder when 221 is divided by 36 + (j/(-2))/(-6)?
36
Calculate the remainder when 3274 is divided by ((-210)/55)/21 + -1*(-2886)/22.
130
Let k(r) = r**2 + 5. Let d be k(-5). Let q = 38 - d. Suppose -q*n + 5 + 35 = 0. What is the remainder when 15 is divided by n?
0
Suppose 6*c - 80 = 2*c. Let v be (3/5)/((-3)/(-2))*-5. What is the remainder when 30 - (-4 + 0/v) is divided by c?
14
Suppose 2*i + 254 = 4*z, 102 - 357 = -4*z + 3*i. Let a = -37 + z. Calculate the remainder when 45 is divided by a.
19
Let z = -3049 - -3247. Suppose c = 45 + 8. What is the remainder when z is divided by c?
39
Suppose -75 = -d + 3*i, -d + 5*i + 70 = 7*i. Suppose d = -4*o + 148. Calculate the remainder when o is divided by 5.
4
Suppose 3*k + 5*m - 329 - 437 = 0, 5*m - 1290 = -5*k. What is the remainder when k is divided by 17?
7
Let g(x) = x**3 - 4*x**2 + 3. Suppose -2*f = -3*i - 5, 3*i + 7 = 3*f - 2*i. Let h be g(f). Suppose 2*p = -h + 23. What is the remainder when 38 is divided by p?
8
Suppose -2*d - 153442 = 32*d. Calculate the remainder when 208/2184 - d/21 is divided by 36.
35
Let u(v) = v**3 + 30*v**2 + 21*v - 67. Calculate the remainder when u(-29) is divided by 156.
9
Let v(w) be the first derivative of w**3 - 11*w**2 - 11*w - 1. Let n = 287 - 276. What is the remainder when v(n) is divided by 37?
36
Let w = 6 + 4. What is the remainder when 53 - (-126)/(-399)*57 is divided by w?
5
Let z = -11039 + 11119. Let n = -3 + 12. What is the remainder when z is divided by n?
8
Let z be 5 + (-78)/10 + (-4)/(-5). Let f(a) be the first derivative of 2*a**3 + 3*a**2/2 + 2*a + 9. Calculate the remainder when 116 is divided by f(z).
16
Let a = 163 + -65. Let g(w) = 3*w + 50. Let z(j) = 6*j + 98. Let d(u) = -11*g(u) + 6*z(u). Calculate the remainder when a is divided by d(-7).
13
Let q = 387 + -385. Suppose -3*a + 718 = q*p, 4*p - 474 = -2*a + 5*p. Calculate the remainder when a is divided by 48.
46
Let v(j) = 27*j - 1. Let o be v(3). Let s = 103 - 106. What is the remainder when o*(s - (2 + -6)) is divided by 27?
26
Suppose -3*h + 63 = -u - 16, 4*h - 80 = -5*u. Suppose -a - 4*a = -h. Suppose 5 = -a*c - 5*v, -5*v + 3 = 2*c + 14. What is the remainder when 7 is divided by c?
1
